4))/y)?
2
Let k be 57/9 + 3/(-9). Suppose k*i = -15 - 21. Let z(l) = 4*l**2 + 10*l - 6. What is the units digit of z(i)?
8
Let y = 1342 - -35196. What is the ten thousands digit of y?
3
Let a(g) = g + 5 + 14*g**2 + g + 10*g**2 + g**2. Let d be 8/8*(-6 - -3). What is the hundreds digit of a(d)?
2
Suppose 0*h = -5*z + 3*h - 197, 5*z - h = -189. Let d = -19 - z. What is the tens digit of d?
1
Suppose 0 = -3*h + 3*o + 240, -4*h + 3*o + 232 = -84. Let t = h + 185. What is the units digit of t?
1
Let r(q) = 9*q**2 - 54*q - 329. What is the hundreds digit of r(56)?
8
Suppose 0 = -8*d - 3*d. Suppose -b - 9 + 266 = -5*m, d = -3*b + m + 813. What is the hundreds digit of b?
2
Let t(r) = -1. Let m = 23 - 22. Let g(y) = 14*y + 4. Let o(c) = m*g(c) - t(c). What is the units digit of o(6)?
9
Let h be (-5)/(5/2)*-1. Suppose 2*r = 4*r - h. What is the tens digit of -3 + -1 + r + 280?
7
Let h = -2676 + 1763. Let s = h - -1497. What is the tens digit of s?
8
Let m(x) = 26 - 6*x - 17*x + x**2 + 2*x. Let w be m(20). Let g = 20 - w. What is the tens digit of g?
1
Let x be 6 + -6 + (1 + 0 - -9651). What is the tens digit of x/57*(-33)/(-4)?
9
Suppose 5*u - f - 47037 = 0, 5*u - 47058 = 39*f - 35*f. What is the hundreds digit of u?
4
Suppose -19*v = -20*v - 4*x + 11608, -20*v = -x - 232484. What is the units digit of v?
4
Suppose 672*f = 677*f - 12990. Suppose -246*u = -243*u - f. What is the tens digit of u?
6
Let g(w) = 15*w**2 - 2*w - 11. Let p(y) = -y**2 + 2. Let v(t) = g(t) + 6*p(t). Let a = -7 - -4. What is the units digit of v(a)?
8
Let o = 6496 + 20784. What is the ten thousands digit of o?
2
Suppose 0 = -5*g + 28*w - 29*w + 27551, -16537 = -3*g + w. What is the units digit of g?
1
Let y = 144293 + -94043. What is the tens digit of y?
5
Suppose 2*m - 2*k - 26323 + 2429 = 0, 3*k = 4*m - 47783. What is the hundreds digit of m?
9
Let g(c) = -15*c**3 - 28*c**2 - 440*c + 113. What is the ten thousands digit of g(-17)?
7
Suppose -5*y = -72*r + 68*r + 35501, 6*r - 53283 = -3*y. What is the thousands digit of r?
8
Let i be 6/(((-3)/(-588))/((-2)/(-12))). Suppose -2*o + 616 = i. What is the tens digit of o?
1
Suppose -4*t - 16 = 4*q, -2*t + q + 2*q - 3 = 0. Suppose -5*i - 8 = -y, -2*i - 5 = -3. What is the tens digit of t/(-4 + 0 + y) - -10?
1
Let d be -5 - -2 - -4*1. Let w be 96 + -27 - (d - (1 - 0)). Let b = w - -34. What is the tens digit of b?
0
Suppose -8609 = -17*r + 8102. Let u = 1512 - r. What is the tens digit of u?
2
Let y(w) = -2847*w + 609. What is the ten thousands digit of y(-4)?
1
Let i = 5722 - 5507. Let f(p) = p**3 - p**2 + 13. Let d be f(0). Suppose -i = 8*z - d*z. What is the units digit of z?
3
Let u(i) = -i**2 + 12*i - 30. Let q be u(4). Let m(j) = 79*j + 57. What is the hundreds digit of m(q)?
2
Suppose -4*j + 372 = -2*k - 2*k, 0 = -2*j + 8. Let p = k - -233. What is the units digit of p?
4
Let c be 1/4*(4 - -12). Let q(j) = 6*j - 11. Let l be q(c). Suppose 0 = -2*k + 45 - l. What is the units digit of k?
6
Let b be 81/(-54) + (-6)/(-4). Suppose 2*s = -2*y + 2288, b = 7*y - 2*y - 25. What is the tens digit of s?
3
Suppose -295 = -5*q - h, 0 = -3*q + 2*h - 6*h + 194. Suppose -52*x + q*x + 18 = 0. What is the tens digit of (x - 1) + (30 - -1)?
2
Suppose 1170624 = 24*b + 27*b + b. What is the hundreds digit of b?
5
Let w = -420 + 433. Suppose w*y - 15*y + 1542 = 0. What is the tens digit of y?
7
Let i be -59 + (2 - (-3 - 0)). Let l be 21/(-4)*936/i. Let g = 79 + l. What is the units digit of g?
0
Suppose 0 = 8*c - 37*c. Suppose -26*v + 34804 - 10546 = c. What is the units digit of v?
3
Suppose -3*s = -2*o + 3 - 14, -s + 5*o + 8 = 0. What is the hundreds digit of (-6)/((-120)/9955) + s/12?
4
Let s(w) = 12 - 142*w + 53*w + 54*w + 46*w - w**2. Let c(v) = -v**3 + 7*v**2 - 3*v - 7. Let a be c(6). What is the tens digit of s(a)?
1
Let x(d) = -d**3 - 5*d**2 - d - 10. Let f be x(-5). What is the units digit of f/(-1) + (68 - 5) + -1?
7
Let d(c) = 7*c - 7*c**3 + 8*c**3 + c**2 + 2*c + 0*c**2 - 30. What is the hundreds digit of d(6)?
2
Let a(f) = 6*f - 24. Let z be a(8). What is the units digit of 9/z + 158328/192?
5
Let p(s) = -44*s + 127. Let d(a) = 66*a - 190. Let t(i) = 5*d(i) + 7*p(i). What is the units digit of t(9)?
7
Suppose 5*v + 224 = -3*v. Let w = v - 25. Let x = 25 - w. What is the tens digit of x?
7
Let p(q) = 2*q**3 + 3*q**2 + 2*q - 21. Let y(b) = -b**3 - b**2 + 1. Let i(j) = -p(j) - 3*y(j). Let z = 34 + -34. What is the tens digit of i(z)?
1
Suppose -271*a + 180320 = -187969. What is the thousands digit of a?
1
Suppose 0 = -2*q + 5*r - 1094, -5*q - 2735 = -0*r + r. Let i = 316 + q. Let n = i - -438. What is the units digit of n?
7
Let x(t) be the first derivative of -9*t**4/4 - t**3/6 + 9*t**2/2 + 5. Let s(d) be the second derivative of x(d). What is the hundreds digit of s(-2)?
1
Let p(u) = 5*u + 13. Let m(j) = 3*j + 9. Let r(c) = 8*m(c) - 5*p(c). Let v be r(-3). Suppose 0 = v*k - 1300 + 270. What is the hundreds digit of k?
1
Let p(s) = 8*s + 7. Let b(x) = 11*x + 8. Let f(v) = -56*v - 40. Let y(q) = -11*b(q) - 2*f(q). Let z(l) = -4*p(l) - 5*y(l). What is the units digit of z(4)?
4
Let o = 166 + -162. Suppose -15 = -5*u + 10, 3*u = -o*i + 2687. What is the units digit of i?
8
Let z = -2116 - -1230. Let t = z - -1271. What is the units digit of t?
5
Let l be ((-22)/(-22))/(-1 - (-35)/34). Let o = -1 + 1. Suppose -l*k + 37*k - 333 = o. What is the hundreds digit of k?
1
Suppose -5*j + 19 = 5*h - 66, -22 = -2*j + 4*h. Suppose 0 = j*t - 19037 - 1303. What is the tens digit of t?
5
Let h(g) = -22*g**3 - 18*g**2 - 15*g - 55. What is the thousands digit of h(-5)?
2
Suppose 0 = 2*s + 12, 2*j + 2041 = -4*s + 14499. What is the tens digit of j?
4
Let s(c) = c**2 + 10*c + 10. Let v be s(-12). Suppose 39*x - v*x = 1880. What is the units digit of x?
6
Suppose 92 = 21*y + 2*y. Suppose y*d - 1320 = 584. What is the hundreds digit of d?
4
Suppose -21 = -5*x + 3*h, -22*x - 2*h + 5 = -19*x. What is the units digit of x*1 - 46*(-434)/28?
6
What is the units digit of (-41 - 2)/(-3 + 414/144)?
4
Suppose 5*x - 3*l = -179, -4 = -2*l + 4*l. Let s be ((-288)/7 - (-4)/28)/1. Let a = x - s. What is the units digit of a?
4
Let c be 8992/(-12) + 4/(-6). Let h = 1080 + c. What is the units digit of h?
0
Let q(g) = 13*g**2 + 189*g - 36. What is the hundreds digit of q(-17)?
5
Let d(c) = 592*c**2 - 12*c + 52. What is the tens digit of d(3)?
4
Suppose 12*w = -2*w - 5*w. Let j(v) = -v**2 + 318. What is the tens digit of j(w)?
1
Suppose 150872 + 422347 = 23*u - 127246. What is the hundreds digit of u?
4
Let h = 937 - 637. Let w = 565 - h. What is the units digit of w?
5
Let j(r) = -11*r**3 + r**2 - 4*r - 6. Let m be j(-1). What is the hundreds digit of 8/m + (-15174)/(-45)?
3
Let n(y) = 2*y**3 - 7*y**2 - 2*y - 9. Let p be n(7). Suppose 15*t + 1960 = 25*t. Let x = p - t. What is the hundreds digit of x?
1
Let x(h) be the first derivative of 5*h**2/2 - 6*h - 1. Suppose -17 - 3 = -2*r. What is the tens digit of x(r)?
4
What is the hundreds digit of (-6826 + -1)/(18/(-144)*2)?
3
Suppose -53*j - 48036 = -226805. What is the tens digit of j?
7
What is the thousands digit of ((-726)/605)/((-40754)/(-20380) + -2)?
4
Let s(c) = 2*c**3 + 62*c**2 + 22*c + 70. What is the thousands digit of s(-15)?
6
Let a(f) = f**2 + 9*f + 5. Let u be a(-11). Suppose -u = -3*b - 4*v, b - 4*v = -5 - 2. What is the tens digit of ((-6)/b)/((-36)/2640)?
8
Suppose 23*a - 163*a - 186302 = -1715382. What is the units digit of a?
2
What is the ten thousands digit of ((-64)/112)/(2/(-37639))?
1
Let c = -5 - -8. Let z = 276 + -271. Suppose -r = -z*t - 18, 0 = -c*r + 4*t + 26 + 17. What is the units digit of r?
3
Suppose -466*m + 5268771 - 550956 + 4125001 = 0. What is the units digit of m?
6
What is the ten thousands digit of (-40)/15 - (-268472)/12?
2
Let g(f) = 13 - 3 - 9*f**2 - 8*f + 13*f**2. What is the hundreds digit of g(-6)?
2
Suppose 164*b + 194442 = 169*b + v, -2*b - 3*v = -77795. What is the units digit of b?
7
Let g = -150 + 66. Let h = g + 37. Let y = -35 - h. What is the units digit of y?
2
Suppose -5*t + 94530 = -5*o, 15 = 38*o - 33*o. What is the tens digit of t?
0
Let y(r) = 18*r**3 + 15*r**2 + 10*r - 87. What is the units digit of y(7)?
2
Suppose 6 = 2*w, -2*h = h - 3*w - 9. Let t(m) = -m**2 +